 7) to base 14.
1a001
Convert -ea479 (base 15) to base 8.
-2654132
-100100010100001001100 (base 2) to base 4
-10202201030
3321200131 (base 4) to base 5
230200411
Convert 1112012202 (base 3) to base 16.
755c
13abb9 (base 16) to base 5
312223040
1021131413 (base 5) to base 11
1225526
Convert -2cd046 (base 15) to base 9.
-4066843
What is -5361236 (base 7) in base 4?
-2133203210
Convert 557374 (base 8) to base 3.
100120002202
Convert -201310121313 (base 4) to base 11.
-5005784
Convert 4112505 (base 6) to base 10.
196313
What is -121313003230 (base 4) in base 10?
-6779116
Convert -2dc47 (base 15) to base 10.
-147892
fbca (base 16) to base 2
1111101111001010
95224 (base 12) to base 5
22224310
367223 (base 14) to base 10
1863599
Convert -2b1229 (base 15) to base 5.
-1013020424
Convert -c2cd3 (base 15) to base 14.
-120ca0
Convert b2aea (base 15) to base 3.
1001202112111
-4182e (base 16) to base 15
-5478e
What is -101000112020 (base 3) in base 13?
-6b9c4
2303213 (base 6) to base 15
24b99
Convert -33112525 (base 6) to base 4.
-3301210211
Convert 32323031302 (base 4) to base 16.
3bb372
Convert -2105100 (base 11) to base 10.
-3710949
Convert -22336723 (base 8) to base 16.
-49bdd3
Convert 110101012210 (base 3) to base 6.
5115550
Convert -11102110102 (base 3) to base 2.
-10101010000101110
What is -1023330211 (base 4) in base 14?
-8151b
What is 89938 (base 13) in base 4?
330333211
Convert -664304 (base 8) to base 4.
-312203010
Convert -11232052 (base 6) to base 2.
-1010100100110000000
What is -13e23 (base 16) in base 6?
-1425015
What is 11434343 (base 5) in base 9?
175123
Convert 34d1d1 (base 16) to base 9.
6455355
-b0730 (base 16) to base 15
-e4226
Convert 20215213 (base 6) to base 5.
121443011
Convert -11111100000100001001 (base 2) to base 14.
-1cc38d
-630457 (base 14) to base 12
-1152779
What is 25944 (base 15) in base 14?
31b4a
4442010322 (base 5) to base 3
200021210121002
What is 1222120020002 (base 3) in base 4?
10001121122
What is -208b89 (base 14) in base 13?
-2c681c
1001101100101001111 (base 2) to base 5
40132100
What is 29941 (base 10) in base 15?
8d11
Convert 11210202021221 (base 3) to base 7.
30464530
What is 1e44dd (base 16) in base 12?
7b7b91
What is -228308 (base 9) in base 4?
-201201113
Convert -110001021020 (base 3) to base 4.
-321321000
313455341 (base 7) to base 5
14222131032
426d (base 16) to base 14
62a9
Convert -1334212 (base 5) to base 14.
-9dd6
520cac (base 14) to base 11
1620a89
Convert -245d64 (base 15) to base 5.
-421204034
What is -781607 (base 11) in base 14?
-2463d3
Convert -71563 (base 11) to base 5.
-11320432
What is -155605630 (base 7) in base 16?
-a15741
Convert -516ca2 (base 13) to base 15.
-278113
4222d (base 16) to base 6
5450045
11121210222 (base 3) to base 5
10402424
-13325816 (base 9) to base 6
-352505153
Convert 2222022011 (base 3) to base 13.
20851
4030a (base 12) to base 11
57716
-211002220220021 (base 3) to base 5
-11001433334
-13a7ba (base 13) to base 2
-1110101010000011010
-13330200 (base 4) to base 16
-7f20
What is -67536 (base 13) in base 5?
-22001020
What is -4041314 (base 5) in base 15?
-144c4
Convert 4898653 (base 11) to base 15.
b33c1d
Convert 15a76f (base 16) to base 7.
15030242
What is -2121410 (base 6) in base 4?
-121121232
Convert -10234441343 (base 5) to base 12.
-3778165
What is -2101111001021 (base 3) in base 10?
-1269223
Convert -1000210200012 (base 3) to base 7.
-4436312
What is 7603731 (base 8) in base 11?
1169990
367d5c (base 14) to base 11
1064898
What is 220332352 (base 7) in base 15?
1266807
What is -369583 (base 10) in base 2?
-1011010001110101111
-36bc61 (base 13) to base 15
-1ad8e9
631345 (base 7) to base 5
11433233
-12ac4ac (base 13) to base 3
-102001211211210
What is -451197 (base 14) in base 16?
-23cdd1
What is 6c3437 (base 13) in base 3?
11211222002012
What is -6777434 (base 8) in base 13?
-4c318c
-9c6a (base 15) to base 4
-20012113
What is -1112153 (base 6) in base 3?
-2212010120
What is -23380 (base 9) in base 11?
-10814
-6ab044 (base 12) to base 6
-100504124
What is -2d2070 (base 16) in base 9?
-5506736
Convert -16216568 (base 9) to base 14.
-110c431
Convert -251303 (base 7) to base 13.
-17cb1
Convert -2026243 (base 8) to base 3.
-1000012212022
What is -1235730 (base 15) in base 2?
-110001111001010011000001
Convert -31600316 (base 7) to base 3.
-12001121222222
What is -15bc1e (base 15) in base 13?
-2aacc4
Convert -23126 (base 14) to base 4.
-110310232
What is 53ba4 (base 15) in base 10?
265879
-b74298 (base 12) to base 16
-2c1794
What is -1365087 (base 9) in base 11?
-473824
What is 3332310330 (base 4) in base 13?
2a7122
-44103012 (base 5) to base 7
-3134343
What is 1426566 (base 7) in base 11?
121303
What is 24230213 (base 5) in base 11?
145553
33279 (base 11) to base 14
13820
Convert 21055 (base 6) to base 11.
2155
Convert -10430503 (base 6) to base 8.
-1147347
Convert 5d66 (base 15) to base 14.
7372
What is -2344c (base 13) in base 12?
-31371
Convert -1750388 (base 9) to base 10.
-977912
Convert 10203330112 (base 4) to base 2.
100100011111100010110
What is -11011112220222 (base 3) in base 6?
-115252212
Convert -12321230 (base 5) to base 16.
-1d57e
-111101010010100 (base 2) to base 13
-1138b
bc35 (base 13) to base 5
1314424
What is 44025354 (base 6) in base 7?
14064526
11355733 (base 8) to base 2
1001011101101111011011
Convert d66a42 (base 15) to base 14.
14d677d
What is 4324842 (base 9) in base 2?
1000110110010100010011
-30030310012 (base 4) to base 8
-14146406
What is -140421241 (base 5) in base 8?
-2570417
What is 200011222102022 (base 3) in base 14?
13d7ba9
What is -4c79c7 (base 15) in base 2?
-1110000000001100110101
Convert -1402002030 (base 5) to base 4.
-31202000010
What is 162482 (base 9) in base 15?
1ea9b
1626848 (base 13) to base 9
14361372
Convert -161221 (base 8) to base 14.
-171cd
What is -12222311312 (base 4) in base 12?
-703932
Convert -420430 (base 6) to base 2.
-1000010001000010
What is 261628 (base 10) in base 2?
111111110111111100
-112572 (base 13) to base 6
-12403510
Convert -1110001101000000011 (base 2) to base 3.
-212122102110
What is 30774632 (base 8) in base 10?
6551962
What is -53011 (base 7) in base 11?
-9887
Convert -c86200 (base 13) to base 10.
-4697524
Convert 5354 (base 13) to base 3.
120212012
-a3523 (base 11) to base 9
-250154
3262a2 (base 13) to base 3
2020012001001
Convert -2ad11 (base 16) to base 5.
-21103002
What is -100101000100001000110 (base 2) in base 7?
-13215626
-131017 (base 10) to base 3
-20122201111
-29225d (base 14) to base 13
-3ac8b7
What is 58088 (base 12) in base 5?
12230413
Convert -100000010000111001100 (base 2) to base 15.
-15d3bd
397997 (base 11) to base 13
18b8a4
What is -16021a (base 11) in base 8?
-746510
334263 (base 10) to base 9
558463
What is -124004421 (base 5) in base 10?
-609986
Convert -222012113 (base 5) to base 6.
-32441054
What is -334188 (base 15) in base 8?
-11245115
Convert 10023483 (base 9) to base 4.
102103203111
What is -40286 (base 9) in base 15?
-7ca9
Convert 120068 (base 11) to base 14.
4d567
23a66aa (base 11) to base 2
1111111100111000001101
Convert -100230303021 (base 4) to base 15.
-5b71d6
76497 (base 12) to base 4
212020303
-4b10 (base 12) to base 11
-6435
Convert -556740 (base 8) to base 10.
-187872
What is -8297 (base 12) in base 14?
-5283
438850 (base 10) to base 12
191b6a
-133673 (base 9) to base 11
-56235
Convert -618b (base 12) to base 10.
-10619
31103230012 (base 4) to base 15
48d97d
What is 12100101002 (base 3) in base 4?
121230200
11000001101010 (base 2) to base 9
18001
What is 21201422 (base 5) in base 8?
534272
What is -841943 (base 14) in base 8?
-21010427
-20120001 (base 3) to base 16
-12ac
12666601 (base 7) to base 2
100011111001101111010
What is -9a5 (base 11) in base 13?
-718
-73165 (base 11) to base 9
-172284
What is 25717 (base 13) in base 5?
4204220
What is -56556 (base 11) in base 14?
-21b8d
What is -111112013 (base 4) in base 14?
-23c11
Convert -2a2aa (base 16) to base 13.
-607c9
What is -1001001101101000010010 (base 2) in base 4?
-21031220102
Convert 329a073 (base 12) to base 9.
20152436
What is 742060 (base 8) in base 2?
111100010000110000
What is 10250221 (base 7) in base 10?
869275
-884246 (base 11) to base 15
-1cd1bc
119400 (base 11) to base 3
100120002201
Convert -705b2 (